*4/24 - q**3 - 3*q**2 - 4. Give i(-3).
-3
Let h(r) = -6*r - 36. Let s be h(-6). Let g(k) be the third derivative of -k**4/24 + k**3/2 + 2*k**2. Give g(s).
3
Suppose -4*o = -s + 3, 4*s + o - 19 - 61 = 0. Let q(z) = z**2 + 11 + s + 4*z - 28. Let h(t) = t - 6. Let a be h(3). Calculate q(a).
-1
Let g(n) = -5*n - 6. Let p(x) = 3*x**3 + 30*x**2 + 5*x + 39. Let o be p(-10). Determine g(o).
49
Suppose 0*w + 4 = w. Let u(y) = y**3 + 4*y**2 - 3 + y - w*y - 3*y. Let c = 8 - 13. Give u(c).
2
Let t(m) = m - 7. Let s be t(17). Suppose 14*u = 9*u + s. Let j(o) = -3*o. Give j(u).
-6
Suppose -2*t = r - 17, 4*t - 29 = r - 2*r. Let l(y) = -6 + t*y + 4*y - 2*y - 7*y. Suppose 0 = g + g. Give l(g).
-6
Suppose 2*y - 2*m = -8, 4*m = -11 + 31. Let p(u) = 2*u**2 - 6*u + u + y + 11*u**3 - u**2 + 3*u. Determine p(1).
11
Let q = -41 + 62. Let x(g) = 2 + 11 + g - q + 7. What is x(-2)?
-3
Let g(v) = 2*v - 1. Let z(y) = y**2 + y - 4. Let x be z(2). Let i(m) = 1. Let j(h) = x*i(h) + g(h). Calculate j(-3).
-5
Let q be 8/6 + (-1)/3. Let y(z) = 7*z + 13. Let b(o) = -21*o - 38. Let h(d) = -4*b(d) - 11*y(d). Let l(v) = -4*v - 4. Let j(s) = 4*h(s) + 9*l(s). Give j(q).
-8
Let a(n) = -51 - 53 + 3*n + 0*n**3 + 100 + n**3 + 6*n**2. What is a(-5)?
6
Let q(f) = 119*f**2 + 57 - 126*f**2 - 55 + 2*f. Give q(2).
-22
Let n be 2/3 + 5/15. Let r(q) be the first derivative of 0*q**3 + q - 2 - 1/2*q**2 + 5/4*q**4. Determine r(n).
5
Let x(t) = t - 3. Let s be x(3). Let z be (9 - s) + (-2 - -3). Suppose -n - n = -z. Let h(v) = -v + 3. Determine h(n).
-2
Let z = -92 - -99. Let c(g) = -6 + 6 + g**2 - 8*g + z - 12. Determine c(9).
4
Suppose -3*u + 3*x + 9 = 6*x, 27 = 4*u + x. Let i(o) = o - 4. Let m be i(u). Let b(f) = 2*f - 4. Let p(q) = -3*q + 4. Let a(c) = 4*b(c) + 3*p(c). Give a(m).
-8
Let d be 1*(2 + -1 - 4). Let i(j) be the third derivative of 0 - 9*j**2 - 1/3*j**3 - 1/12*j**4 + 0*j. Calculate i(d).
4
Let h be (-6)/14 + (-24)/42. Let z(w) = 1 + 2*w + 2*w - 3*w - 2*w. Let v(q) = q - 2. Let j(g) = 3*v(g) + 5*z(g). Calculate j(h).
1
Let s(o) = o - 5. Let l(m) = 4*m**2 - 4*m - 3. Let k be l(-2). Suppose 0*x + 3*x = 3*y + k, -29 = -5*x + 2*y. Let p be s(x). Let w(q) = q**2. What is w(p)?
0
Suppose 17*l = 12*l + 20. Let g be (-2 - 2)/(l - 2). Let k(m) = m**2. What is k(g)?
4
Let s(c) = 20*c. Suppose 0 = 4*h - 7 + 39. Let l = -5 - h. Let z be (1/(-2))/(l/6). What is s(z)?
-20
Let s(h) be the first derivative of h**2/2 + 2*h + 1870. Suppose 3*b = -b + 24. Give s(b).
8
Let z = 147 + -139. Let q(v) = -v**3 + 9*v**2 - 8*v - 7. Determine q(z).
-7
Suppose 98 = 5*q + l, 2*l + 84 = 5*q - q. Suppose 4*t - n - q = -2*n, 2*n - 24 = -4*t. Let r = -10 + t. Let d(f) = -f + 3. Give d(r).
9
Let s(x) = 5. Let t(k) = -24*k - 6 + 14*k + 9*k. Let j(y) = -3*s(y) - 2*t(y). Let b = 3 - 6. Calculate j(b).
-9
Suppose -17 = -5*x + 2*w, 0 = 2*x - 0*x + 4*w - 2. Suppose x*p - 6 = 4*p. Let o(b) = 5*b - 29. Let v(a) = -a + 7. Let n(s) = 2*o(s) + 9*v(s). Calculate n(p).
-1
Suppose 11*z = 14*z. Let r(b) = 4*b + 29. Let h(i) = 5*i + 30. Let t(q) = 3*h(q) - 4*r(q). What is t(z)?
-26
Let m be -2 + -1 + (-1 - -2). Let k be (12/(-14))/(m/7). Let n(g) = 5*g**2 + 4*g**3 - 3*g**3 - 4 - 2*g - 4*g**k + 4*g**3. What is n(-5)?
6
Let f = -84 + 45. Let p = 44 + f. Let v(o) = o**3 - 5*o**2 + 2*o - 3. Calculate v(p).
7
Let i be (-1)/(-2)*0 + 131 + -134. Let f(k) = 3*k - 3. Determine f(i).
-12
Let b(d) = d - 4*d + 126 + 2*d - 73 - d**2 - 67. What is b(0)?
-14
Suppose -k - 109 = 4*a, -3*a + 34*k - 33*k = 87. Suppose -7 - 59 = 3*i. Let y = a - i. Let u(s) = s**2 + 7*s + 2. Calculate u(y).
-4
Suppose 3*p + 3*l + 12 = 0, 0 = 22*p - 18*p - l - 9. Let a(c) = 2*c**2 + c - 1. Calculate a(p).
2
Suppose b = 3, 90 = 5*f + 3*b + 31. Let d(t) = -t**2 + 10*t - 10. Determine d(f).
-10
Let t be (-5)/(-1 + 0) - 2. Suppose 0 = 2*z - 5*r + t + 3, 2*z + 4 = 4*r. Let k(l) = 3*l**z - l + 2 + 1 - 2. Give k(1).
3
Let v(u) = -u**2 - 4*u + 5. Let o = 3 - -6. Let d = 13 - o. Let j be -6*(d + (-30)/9). Give v(j).
5
Let o(w) = -2*w + 2. Suppose 3 = -3*u, -2*u = b + 2*b + 53. Let i = 14 + b. Let v be (i - -1)/2*4. Determine o(v).
10
Let x(j) = 3*j. Let k(g) = 6*g - 1. Let d(c) = -3*k(c) + 5*x(c). Let l(u) = u - 1. Let r(o) = d(o) + 4*l(o). Give r(0).
-1
Suppose 3*l - 8 = -4*g, g = l - 2 - 3. Let c(q) = 3*q**2 - l*q**2 - 12*q + 18*q - 5. Calculate c(5).
0
Let p(d) be the second derivative of -5*d**4/12 + 10*d**3/3 + 33*d**2/2 - 9*d. Let s(n) = -n**2 + 5*n + 8. Let v(q) = 2*p(q) - 9*s(q). Give v(-4).
-2
Let y(a) = -a**2 + a + 1. Let p(q) = -5*q**2 + 7*q + 4. Let t(h) = -p(h) + 6*y(h). Suppose 13*n - 70 = -18. Give t(n).
-18
Let i(v) be the second derivative of -v**3/6 - 2*v**2 + 24*v. Suppose -3*j - s - 24 = 0, -4*s - 1 = j + 18. Calculate i(j).
3
Let u(x) = -x**3 - 6*x**2 - 4*x + 3. Suppose -m + 5 = 4*m. Let t be (-7 - (1 + -3))/m. Give u(t).
-2
Let r(q) = -658*q + 329*q + 330*q + 6. Let o be -2*((-10)/(-4) + 0). What is r(o)?
1
Let n(u) be the first derivative of -u**3 - 21*u**2 - 10*u - 160. Determine n(-14).
-10
Let b(g) = g - 3. Suppose -9*j + 36 = -45. Give b(j).
6
Let d(v) = v**2 + 4*v. Let l be ((-6)/15)/((-5)/125). Let r(m) = -m**3 + 11*m**2 - 9*m - 14. Let f be r(l). Determine d(f).
0
Let n(r) = 3*r - 1. Suppose -4*o + 3 = -5*y, -4*o + o = 5*y - 11. Let t be (o - (-21)/(-6))*(-20)/(-15). Determine n(t).
-7
Suppose -3*h + 17 = 2*w, -w - 2 = -2*h - 0*h. Let p(n) = -2*n**3 + 3*n**2 + 4*n + 1. Determine p(h).
-14
Let x(i) = -3*i**3 - 4*i**2 - 10*i - 6. Let d be x(-1). Let a(q) = -2*q**3 + 3*q**2 + 3*q - 2. What is a(d)?
-20
Let l(i) = -2*i**2 + 4*i + 1. Let t = 163 + -75. Let x = t + -85. Determine l(x).
-5
Let r = -682 + 664. Let p(l) = -l**2 - 20*l - 12. Give p(r).
24
Let q(k) be the third derivative of -k**6/120 + 3*k**5/20 - k**4/4 + k**3/3 + 2023*k**2. Suppose 3*x - c = 22, -2*c - 3*c - 22 = -4*x. What is q(x)?
18
Let h(u) = u**2 + 10*u + 4. Suppose 3*x - 12 = 0, 6*x - 32 = -2*n + x. Let q be (-120)/18*n/4. Determine h(q).
4
Let a(n) = -n**2 - 5*n - 1. Let h be 23/7 - 4/(-14)*-1. Suppose -y = -5*m - h*y - 34, -3*y = -2*m - 6. Calculate a(m).
-7
Let a(g) = 6*g**3 + 3*g**2 + 9*g + 9. Let t(i) = -5*i**3 - 3*i**2 - 8*i - 7. Let l(y) = 4*a(y) + 5*t(y). Determine l(-3).
13
Let q(l) be the second derivative of -l**4/12 + 3*l**3/2 + 4*l**2 - 310*l. What is q(9)?
8
Let q(u) = -21*u**2 + 48*u**2 - 28*u**2 - 6*u - 74 + 72. Calculate q(-3).
7
Let t(m) = -2*m + 2. Suppose 0*i + 2*i = 5*k + 6, -5*k + 15 = 5*i. Let d(n) = 5*n - 5. Let j(o) = i*d(o) + 7*t(o). What is j(6)?
5
Let x(o) be the first derivative of -o**7/840 + o**6/72 + o**5/24 + o**4/4 - 13*o**3/3 + 2*o - 22. Let w(d) be the third derivative of x(d). Determine w(6).
0
Let k(f) = -f - 1. Suppose 3*s = 2*s + 4. Suppose -1 = -5*q + s. Let j(p) = 2*p + 6. Let x(v) = q*j(v) + 3*k(v). Calculate x(-3).
6
Let a(x) = x**3 + 2*x**2 - 5*x - 4. Suppose 2*q - 1 = 3*h - 0, 0 = 5*q + 20. Give a(h).
2
Suppose -i - 19 = -5*r, -r + 4*i = 2*i - 2. Let o(c) = -2*c**3 + 4*c**2 + 4*c + 2. Determine o(r).
-46
Let v(f) = -9*f - 8. Let b(y) = -9*y - 9. Let x(r) = 6*b(r) - 7*v(r). Let h be 2 + (-10)/6 - (-1)/(-3). Suppose h = -3*a - 9*a - 24. Determine x(a).
-16
Let u = -38 + 20. Let i(a) = -a - 14. Let t be i(u). Suppose -t*d - 7 = -3. Let v(b) = 2*b**2 - b - 1. Calculate v(d).
2
Let a(n) = n**2 + 15*n + 4. Let i be a(-15). Let g(l) = i*l + 11*l - 1 - 14*l. Determine g(-4).
-5
Let n be (6/(-15))/((-2)/35). Let d(s) = -15*s - 19*s + n + 33*s - 1. Calculate d(7).
-1
Let a(j) be the third derivative of -j**4/12 - 2*j**3/3 - 102*j**2. Determine a(-3).
2
Let j(k) = k**2 - k + 1. Let m(g) = -3*g**2 + 5*g - 2. Let q(y) = 2*j(y) + m(y). Let p(w) = -59*w - 292. Let x be p(-5). Calculate q(x).
0
Let k(h) = -h**2 - 5*h + 7. Let q be k(-5). Suppose 4*b + 15 = q. Let i(a) be the third derivative of a**4/6 + a**3/3 + 78*a**2. Give i(b).
-6
Let o = -8 + 29. Let i(c) = -20*c - c**2 - 4 - 2 - c**3 + o*c. Suppose -3*b = -8*b. Give i(b).
-6
Let p(x) be the third derivative of x**4/12 + x**3/6 - 3*x**2 - 12. Let s be (-2)/(-2)*(1 + 0). Determine p(s).
3
Let i(u) = -u**2 + 2*u + 4. Suppose -12 - 37 = l. Let c = 46 + l. Determine i(c).
-11
Suppose 0 = r - 2*r + 3. Let d(t) = 1 - 11*t**r - 3*t**3 + 13*t**3 + t. Suppose 2*f + 4 = -2*f. What is d(f)?
1
Let y(o) be the